t is 8 + -7365122?
-7365114
In base 12, what is 9bb - -9b78?
a977
In base 5, what is -1214003423 + 2?
-1214003421
In base 9, what is 0 + 22815400?
22815400
In base 3, what is 101012111222 - -1120?
101012120112
In base 6, what is -344 - 12230?
-13014
In base 9, what is -1572247 - -143?
-1572104
In base 14, what is 25b8a - 15dc?
2458c
In base 12, what is 31 - 49153?
-49122
In base 14, what is 14d6a95 - -5?
14d6a9a
In base 3, what is 210 + 202021001222022?
202021002000002
In base 5, what is -4 + 122134304313?
122134304304
In base 11, what is -5 + 1a88113?
1a88109
In base 2, what is 1000110011000010111101101 + -11?
1000110011000010111101010
In base 14, what is -3623 + 97a?
-2a87
In base 7, what is -4 - 4045306532?
-4045306536
In base 11, what is 39a777 - -1?
39a778
In base 8, what is 23 + -2274771?
-2274746
In base 15, what is 4 - -4ae551b?
4ae5520
In base 11, what is 15 - -7045058?
7045072
In base 9, what is -6580477 - -55?
-6580422
In base 7, what is 24363 - -100?
24463
In base 6, what is 1255114 - 5522?
1245152
In base 10, what is 3304 + -11178?
-7874
In base 14, what is -3239c - 42?
-32400
In base 16, what is -67e04 - -236?
-67bce
In base 5, what is -1 + 1033432013?
1033432012
In base 13, what is 11458 - -1211?
12669
In base 2, what is 11 - -110010101000011000010000?
110010101000011000010011
In base 14, what is -97 - 36c6?
-377d
In base 15, what is -171c8 - 7e0?
-179b8
In base 9, what is -23624467 + -11?
-23624478
In base 13, what is -57120 + -9?
-57129
In base 14, what is -1b32 + -26?
-1b58
In base 12, what is 17989b3 + 9?
1798a00
In base 4, what is 3120302 - 1022132?
2032110
In base 12, what is -5 - -23149b1?
23149a8
In base 16, what is -6f - 3d21e?
-3d28d
In base 2, what is 10111000011010101011110 + -11111?
10111000011010100111111
In base 10, what is -183 - -6228?
6045
In base 15, what is -1378126 - -2?
-1378124
In base 13, what is -68 + 39508a?
395022
In base 6, what is 14554443 - -5?
14554452
In base 12, what is 1490333 + 5?
1490338
In base 7, what is -5 + 300632302?
300632264
In base 9, what is -1765764 - 6?
-1765771
In base 4, what is -11 - 2012120012?
-2012120023
In base 11, what is 81 - 28987a5?
-2898724
In base 10, what is -182 + 274841?
274659
In base 12, what is 5 + 1162676?
116267b
In base 5, what is 20022312 - 302?
20022010
In base 8, what is 2232 - -3144?
5376
In base 3, what is 220001102122001 + 12?
220001102122020
In base 11, what is 3842785 + 5?
384278a
In base 16, what is 1157 - 380eb?
-36f94
In base 13, what is 1125a - -2201?
1345b
In base 5, what is 11411020 - -203?
11411223
In base 15, what is 7 - -48c12b7?
48c12be
In base 8, what is -3731 + 150613?
144662
In base 6, what is -14250 - -202012?
143322
In base 10, what is 170821 + -479?
170342
In base 10, what is -81 - -2591186?
2591105
In base 3, what is 21200110121 - 1210002?
21121200112
In base 11, what is -166586460 - -1?
-16658645a
In base 14, what is -b4c959 + -1?
-b4c95a
In base 12, what is 708b0b23 - -2?
708b0b25
In base 12, what is -9347821 + -3?
-9347824
In base 16, what is 115f9c - -5?
115fa1
In base 11, what is 5 + -2505307?
-2505302
In base 9, what is -3 - -61583257?
61583254
In base 7, what is 1 - -25132345?
25132346
In base 2, what is 11011010 + -110100100111101?
-110100001100011
In base 9, what is 13041671 - 5?
13041665
In base 9, what is 17 - 1343276?
-1343258
In base 11, what is -1140131 - 0?
-1140131
In base 7, what is 1 - 616644?
-616643
In base 4, what is -213021123031 + -113?
-213021123210
In base 4, what is -32131 + 100103?
1312
In base 14, what is 5 + 9a549d?
9a54a4
In base 12, what is 5 - -22058844?
22058849
In base 8, what is 60 - -767573?
767653
In base 12, what is -1255650 + -17?
-1255667
In base 9, what is -573 + 15850?
15266
In base 15, what is -e1636d - -4?
-e16369
In base 6, what is 2 - 140333320?
-140333314
In base 16, what is 352b73 + -5?
352b6e
In base 5, what is 242 + 14140211?
14141003
In base 7, what is -10 + -213104351?
-213104361
In base 11, what is -778269430 + -3?
-778269433
In base 15, what is -3ad - -1d35?
1977
In base 10, what is -44089932 + 2?
-44089930
In base 2, what is 10011100010100111010011110 + -1010?
10011100010100111010010100
In base 8, what is 1207307 - 56?
1207231
In base 7, what is -335431 - 240?
-336001
In base 2, what is -10101010100101001010 + 101011?
-10101010100100011111
In base 6, what is -110530 + 1301?
-105225
In base 9, what is -48713223 + 15?
-48713207
In base 7, what is -15506 + -4102?
-22611
In base 14, what is 335022 + 17?
335039
In base 10, what is -67000623 - 5?
-67000628
In base 2, what is 11110010011110001101111 + 11011?
11110010011110010001010
In base 6, what is -10214344 - -204?
-10214140
In base 8, what is -372325 - 30?
-372355
In base 8, what is -4 + 151741312?
151741306
In base 8, what is 1602152 + 25?
1602177
In base 3, what is 21 - 122012110201201110?
-122012110201201012
In base 14, what is 34b6ca - 8d?
34b63b
In base 3, what is 12001 - 222211001?
-222122000
In base 16, what is 3 - 13a4633?
-13a4630
In base 12, what is 1281 - a9b?
3a2
In base 5, what is 2243030102 + -2?
2243030100
In base 14, what is -261 - -71a2d?
717ac
In base 16, what is 3 - -a026ff0?
a026ff3
In base 6, what is 4012023011 + 5?
4012023020
In base 8, what is 6733 + -3642?
3071
In base 6, what is -32010 + -104343?
-140353
In base 2, what is -11110001 - 110100011111101110110?
-110100100000001100111
In base 3, what is -2 + 1000200010112220?
1000200010112211
In base 9, what is 3328833 + -14?
3328818
In base 14, what is -c6b + -4a79c?
-4b629
In base 14, what is 6099 + 56b?
6626
In base 13, what is -6a - 12a0b?
-12a78
In base 5, what is 334032122 - -11?
334032133
In base 3, what is 1000102022 - 12102010?
211000012
In base 5, what is -301212243 - -3?
-301212240
In base 2, what is 1100100001 + 10100110100110?
10110011000111
In base 5, what is 222034 + 10103320?
10330404
In base 7, what is -336246164 - 5?
-336246202
In base 8, what is 4013 - -657523?
663536
In base 13, what is -1000b - 53?
-10061
In base 15, what is 74193e + 3?
741942
In base 5, what is 1444202112 + -144?
1444201413
In base 5, what is -3020003321241 + 0?
-3020003321241
In base 8, what is 61 - -25742410?
25742471
In base 5, what is 14214123110 + -4?
14214123101
In base 7, what is -10263234 - -5?
-10263226
In base 10, what is 2 + -265711803?
-265711801
In base 15, what is 308ce9 + -5?
308ce4
In base 10, what is -67415 + 245?
-67170
In base 6, what is 240525305 - -4?
240525313
In base 13, what is -56 + -34c6?
-354c
In base 7, what is 121 + 246205602?
246206023
In base 15, what is 18613 - 4ab?
18157
In base 8, what is 3252 + 60032?
63304
In base 2, what is 100101100110 - -1111111100011?
10100101001001
In base 14, what is -7 - -3a29?
3a22
In base 14, what is -3639491 + -5?
-3639496
In base 5, what is 1224233412411 + -4?
1224233412402
In base 9, what is 4 + -112783400?
-112783385
In base 13, what is 158b407 - -8?
158b412
In base 2, what is 1000101000000111010 + 1100100000?
1000101001101011010
In base 10, what is -552 - 24923?
-25475
In base 15, what is 4b9b - 122a?
3971
In base 15, what is -464802 + -9?
-46480b
In base 12, what is -3 + -153a9?
-153b0
In base 13, what is a4b121 + -2?
a4b11c
In base 14, what is 67c5c50 + -4?
67c5c4a
In base 13, what is -1a222 - 170?
-1a392
In base 12, what is 16094ab73 - -3?
16094ab76
In base 3, what is 12122011121102 + 110?
12122011121212
In base 2, what is 10000 + 1101001100111111?
1101001101001111
In base 8, what is -332113607 + -1?
-332113610
In base 2, what is 101 + -100000101000011100101?
-100000101000011100000
In base 8, what is 13 + -354355?
-354342
In base 5, what is 10 + -330330242?
-330330232
In base 6, what is 0 + -2311553154?
-2311553154
In base 13, what is 5603b4 + 7?
5603bb
In base 5, what is 142044241 - -4?
142044300
In base 9, what is -64 - -7362?
7287
In base 4, what is -3 + 110221312012?
110221312003
In base 16, what is -144f + -107?
-1556
In base 13, what is 3a + -63a56b?
-63a531
In base 7, what is -642444 + -1325?
-644102
In base 8, what is 50356124 - 234?
50355670
In base 5, what is -114331 + 22444?
-41332
In base 7, what is 20 - -5322653?
5323003
In base 2, what is 10110000101001000001001001 - 1100?
10110000101001000000111101
In base 6, what is 5 + -2002351?
-2002342
In base 11, what is 2 + -1134332?
-1134330
In base